
{"id":92,"date":"2026-02-24T19:28:30","date_gmt":"2026-02-24T18:28:30","guid":{"rendered":"https:\/\/luminisinnovation.hu\/?page_id=92"},"modified":"2026-02-24T19:29:20","modified_gmt":"2026-02-24T18:29:20","slug":"palyazatiras","status":"publish","type":"page","link":"https:\/\/luminisinnovation.hu\/index.php\/palyazatiras\/","title":{"rendered":"P\u00e1ly\u00e1zat\u00edr\u00e1s"},"content":{"rendered":"\n<p>Szolg\u00e1ltat\u00e1sunk a projekttervez\u00e9ssel kezd\u0151dik, a p\u00e1ly\u00e1zat\u00edr\u00e1ssal folytat\u00f3dik, \u00e9s a p\u00e1ly\u00e1zati projektmenedzsmenttel \u00e9r v\u00e9get. N\u00e1lunk egy k\u00e9zben van a p\u00e1ly\u00e1zatok teljes menedzsel\u00e9se.<\/p>\n\n\n\n<ol start=\"1\" class=\"wp-block-list\">\n<li>Projekt tervez\u00e9s<\/li>\n<\/ol>\n\n\n\n<p>A fejleszt\u00e9si elk\u00e9pzel\u00e9st t\u00f6bb oldalr\u00f3l megvizsg\u00e1ljuk. Innovat\u00edv, hossz\u00fa t\u00e1von el\u0151remutat\u00f3 fejleszt\u00e9sekben vesz\u00fcnk r\u00e9szt. P\u00e9nz\u00fcgyi finansz\u00edroz\u00e1s \u00e9s szervezetfejleszt\u00e9s ter\u00fcleten is teljes k\u00f6r\u0171en felm\u00e9rj\u00fck az ig\u00e9nyeket \u00e9s a piaci lehet\u0151s\u00e9geket, majd szem\u00e9lyre szabott projektjavaslatot tesz\u00fcnk.<\/p>\n\n\n\n<p>Az elm\u00falt nyolc \u00e9vben p\u00e1ly\u00e1zati projektjeink eset\u00e9ben egyszer sem ind\u00edtottak szab\u00e1lytalans\u00e1gi elj\u00e1r\u00e1st. A professzion\u00e1lis projekttervez\u00e9s a sikeres fejleszt\u00e9sek els\u0151 l\u00e9pcs\u0151foka.<\/p>\n\n\n\n<ol start=\"2\" class=\"wp-block-list\">\n<li>P\u00e1ly\u00e1zat\u00edr\u00e1s<\/li>\n<\/ol>\n\n\n\n<p>\u00dcgyf\u00e9lk\u00f6zpont\u00fa ir\u00e1nyt k\u00e9pvisel\u00fcnk. Kapacit\u00e1sainkat figyelembe v\u00e9ve v\u00e1llalunk projekteket, \u00edgy biztos\u00edtjuk a magas min\u0151s\u00e9get. Sikerd\u00edj\u00e9rt dolgozunk.<\/p>\n\n\n\n<p>Sz\u00e1munkra a hat\u00e1rid\u0151k a legfontosabbak. Szerz\u0151d\u00f6tt partnereink sz\u00e1m\u00e1ra h\u00e9tk\u00f6znap \u00e9s h\u00e9tv\u00e9g\u00e9n is el\u00e9rhet\u0151ek vagyunk.<\/p>\n\n\n\n<p>Alapelv\u00fcnk, hogy a k\u00f6z\u00f6s munka sor\u00e1n levegy\u00fck a terhet \u00fcgyfeleink v\u00e1ll\u00e1r\u00f3l. Igyeksz\u00fcnk minden dokumentumot \u00fagy elk\u00e9sz\u00edteni, hogy a p\u00e1ly\u00e1z\u00f3nak m\u00e1r csak egy dolga legyen: al\u00e1\u00edrni.<\/p>\n\n\n\n<p>\u201eEgy j\u00f3 p\u00e1ly\u00e1zat\u00edr\u00f3, hasonl\u00f3an egy j\u00f3 k\u00f6nyvel\u0151h\u00f6z ismeri a lehet\u0151s\u00e9geket \u00e9s \u00fcgyfeleinek mindig a legel\u0151ny\u00f6sebb opci\u00f3t aj\u00e1nlja.\u201d<\/p>\n\n\n\n<ol start=\"3\" class=\"wp-block-list\">\n<li>Projektmenedzsment<\/li>\n<\/ol>\n\n\n\n<p>Nem el\u00e9g megnyerni a p\u00e1ly\u00e1zatot: a megval\u00f3s\u00edt\u00e1st hozz\u00e1\u00e9rt\u0151 szakembernek kell menedzselnie. A t\u00e1mogat\u00e1si szerz\u0151d\u00e9sk\u00f6t\u00e9st\u0151l a projekt teljes megval\u00f3s\u00edt\u00e1s\u00e1n \u00e1t a fenntart\u00e1si id\u0151szak v\u00e9g\u00e9ig seg\u00edt\u00fcnk. A fenntart\u00e1s 3\u20135 \u00e9v, adminisztr\u00e1ci\u00f3s \u00e9s jelent\u00e9st\u00e9teli k\u00f6telezetts\u00e9gekkel, ezt menedzsmentszolg\u00e1ltat\u00e1sunk lefedi. Egyedi esetekben csak projektmenedzsmentet is v\u00e1llalunk.<\/p>\n\n\n\n<p>Kiknek \u00edrunk p\u00e1ly\u00e1zatot?<\/p>\n\n\n\n<ul class=\"wp-block-list\">\n<li>c\u00e9geknek<\/li>\n\n\n\n<li>egy\u00e9ni v\u00e1llalkoz\u00f3knak<\/li>\n\n\n\n<li>\u00f6nkorm\u00e1nyzatoknak<\/li>\n\n\n\n<li>civil szervezeteknek<\/li>\n\n\n\n<li>int\u00e9zm\u00e9nyeknek<\/li>\n\n\n\n<li>nonprofit szervezeteknek<\/li>\n<\/ul>\n\n\n\n<p>Milyen p\u00e1ly\u00e1zatokat \u00edrunk?<\/p>\n\n\n\n<p>R\u00f6viden: olyat, ami \u00e9letk\u00e9pes \u00f6tleten alapszik, \u00e9s nemcsak t\u00e1mogat\u00e1st nyer, de megval\u00f3s\u00edthat\u00f3 is.<\/p>\n\n\n\n<p>Lehet sz\u00f3:<\/p>\n\n\n\n<ul class=\"wp-block-list\">\n<li>innov\u00e1ci\u00f3r\u00f3l<\/li>\n\n\n\n<li>eszk\u00f6zbeszerz\u00e9sr\u0151l<\/li>\n\n\n\n<li>\u00e9p\u00edt\u00e9si beruh\u00e1z\u00e1sr\u00f3l<\/li>\n\n\n\n<li>kutat\u00e1s-fejleszt\u00e9sr\u0151l<\/li>\n\n\n\n<li>oktat\u00e1sr\u00f3l \u00e9s k\u00e9pz\u00e9sr\u0151l<\/li>\n\n\n\n<li>foglalkoztat\u00e1sr\u00f3l<\/li>\n\n\n\n<li>ingatlanv\u00e1s\u00e1rl\u00e1sr\u00f3l \u00e9s -fejleszt\u00e9sr\u0151l<\/li>\n\n\n\n<li>turisztik\u00e1r\u00f3l<\/li>\n\n\n\n<li>vagy b\u00e1rmi m\u00e1sr\u00f3l, ami seg\u00edthet az \u00dcgyf\u00e9l c\u00e9ljainak megval\u00f3s\u00edt\u00e1s\u00e1ban.<\/li>\n<\/ul>\n\n\n\n<p>A Luminisn\u00e9l \u00edgy csak megval\u00f3s\u00edthat\u00f3, pontos k\u00f6lts\u00e9gvet\u00e9s\u0171, hasznos \u00e9s hossz\u00fa t\u00e1vra sz\u00f3l\u00f3 projektek sz\u00fcletnek.<\/p>\n\n\n\n<p>\u00dcgyfeleink 100%-os nyer\u00e9si ar\u00e1ny\u00e1\u00e9rt dolgozunk.<\/p>\n","protected":false},"excerpt":{"rendered":"<p>Szolg\u00e1ltat\u00e1sunk a projekttervez\u00e9ssel kezd\u0151dik, a p\u00e1ly\u00e1zat\u00edr\u00e1ssal folytat\u00f3dik, \u00e9s a p\u00e1ly\u00e1zati projektmenedzsmenttel \u00e9r v\u00e9get. N\u00e1lunk egy k\u00e9zben van a p\u00e1ly\u00e1zatok teljes menedzsel\u00e9se. A fejleszt\u00e9si elk\u00e9pzel\u00e9st t\u00f6bb oldalr\u00f3l megvizsg\u00e1ljuk. Innovat\u00edv, hossz\u00fa t\u00e1von el\u0151remutat\u00f3 fejleszt\u00e9sekben vesz\u00fcnk r\u00e9szt. P\u00e9nz\u00fcgyi finansz\u00edroz\u00e1s \u00e9s szervezetfejleszt\u00e9s ter\u00fcleten is teljes k\u00f6r\u0171en felm\u00e9rj\u00fck az ig\u00e9nyeket \u00e9s a piaci lehet\u0151s\u00e9geket, majd szem\u00e9lyre szabott projektjavaslatot tesz\u00fcnk. Az [&hellip;]<\/p>\n","protected":false},"author":1,"featured_media":0,"parent":0,"menu_order":0,"comment_status":"closed","ping_status":"closed","template":"","meta":{"footnotes":""},"class_list":["post-92","page","type-page","status-publish","hentry"],"aioseo_notices":[],"_links":{"self":[{"href":"https:\/\/luminisinnovation.hu\/index.php\/wp-json\/wp\/v2\/pages\/92","targetHints":{"allow":["GET"]}}],"collection":[{"href":"https:\/\/luminisinnovation.hu\/index.php\/wp-json\/wp\/v2\/pages"}],"about":[{"href":"https:\/\/luminisinnovation.hu\/index.php\/wp-json\/wp\/v2\/types\/page"}],"author":[{"embeddable":true,"href":"https:\/\/luminisinnovation.hu\/index.php\/wp-json\/wp\/v2\/users\/1"}],"replies":[{"embeddable":true,"href":"https:\/\/luminisinnovation.hu\/index.php\/wp-json\/wp\/v2\/comments?post=92"}],"version-history":[{"count":1,"href":"https:\/\/luminisinnovation.hu\/index.php\/wp-json\/wp\/v2\/pages\/92\/revisions"}],"predecessor-version":[{"id":94,"href":"https:\/\/luminisinnovation.hu\/index.php\/wp-json\/wp\/v2\/pages\/92\/revisions\/94"}],"wp:attachment":[{"href":"https:\/\/luminisinnovation.hu\/index.php\/wp-json\/wp\/v2\/media?parent=92"}],"curies":[{"name":"wp","href":"https:\/\/api.w.org\/{rel}","templated":true}]}}

Pályázatírás

<p>Szolgáltatásunk a projekttervezéssel kezdődik, a pályázatírással folytatódik, és a pályázati projektmenedzsmenttel ér véget. Nálunk egy kézben van a pályázatok teljes menedzselése.</p>



<ol start="1" class="wp-block-list">
<li>Projekt tervezés</li>
</ol>



<p>A fejlesztési elképzelést több oldalról megvizsgáljuk. Innovatív, hosszú távon előremutató fejlesztésekben veszünk részt. Pénzügyi finanszírozás és szervezetfejlesztés területen is teljes körűen felmérjük az igényeket és a piaci lehetőségeket, majd személyre szabott projektjavaslatot teszünk.</p>



<p>Az elmúlt nyolc évben pályázati projektjeink esetében egyszer sem indítottak szabálytalansági eljárást. A professzionális projekttervezés a sikeres fejlesztések első lépcsőfoka.</p>



<ol start="2" class="wp-block-list">
<li>Pályázatírás</li>
</ol>



<p>Ügyfélközpontú irányt képviselünk. Kapacitásainkat figyelembe véve vállalunk projekteket, így biztosítjuk a magas minőséget. Sikerdíjért dolgozunk.</p>



<p>Számunkra a határidők a legfontosabbak. Szerződött partnereink számára hétköznap és hétvégén is elérhetőek vagyunk.</p>



<p>Alapelvünk, hogy a közös munka során levegyük a terhet ügyfeleink válláról. Igyekszünk minden dokumentumot úgy elkészíteni, hogy a pályázónak már csak egy dolga legyen: aláírni.</p>



<p>„Egy jó pályázatíró, hasonlóan egy jó könyvelőhöz ismeri a lehetőségeket és ügyfeleinek mindig a legelőnyösebb opciót ajánlja.”</p>



<ol start="3" class="wp-block-list">
<li>Projektmenedzsment</li>
</ol>



<p>Nem elég megnyerni a pályázatot: a megvalósítást hozzáértő szakembernek kell menedzselnie. A támogatási szerződéskötéstől a projekt teljes megvalósításán át a fenntartási időszak végéig segítünk. A fenntartás 3–5 év, adminisztrációs és jelentéstételi kötelezettségekkel, ezt menedzsmentszolgáltatásunk lefedi. Egyedi esetekben csak projektmenedzsmentet is vállalunk.</p>



<p>Kiknek írunk pályázatot?</p>



<ul class="wp-block-list">
<li>cégeknek</li>



<li>egyéni vállalkozóknak</li>



<li>önkormányzatoknak</li>



<li>civil szervezeteknek</li>



<li>intézményeknek</li>



<li>nonprofit szervezeteknek</li>
</ul>



<p>Milyen pályázatokat írunk?</p>



<p>Röviden: olyat, ami életképes ötleten alapszik, és nemcsak támogatást nyer, de megvalósítható is.</p>



<p>Lehet szó:</p>



<ul class="wp-block-list">
<li>innovációról</li>



<li>eszközbeszerzésről</li>



<li>építési beruházásról</li>



<li>kutatás-fejlesztésről</li>



<li>oktatásról és képzésről</li>



<li>foglalkoztatásról</li>



<li>ingatlanvásárlásról és -fejlesztésről</li>



<li>turisztikáról</li>



<li>vagy bármi másról, ami segíthet az Ügyfél céljainak megvalósításában.</li>
</ul>



<p>A Luminisnél így csak megvalósítható, pontos költségvetésű, hasznos és hosszú távra szóló projektek születnek.</p>



<p>Ügyfeleink 100%-os nyerési arányáért dolgozunk.</p>

<p>Szolgáltatásunk a projekttervezéssel kezdődik, a pályázatírással folytatódik, és a pályázati projektmenedzsmenttel ér véget. Nálunk egy kézben van a pályázatok teljes menedzselése. A fejlesztési elképzelést több oldalról megvizsgáljuk. Innovatív, hosszú távon előremutató fejlesztésekben veszünk részt. Pénzügyi finanszírozás és szervezetfejlesztés területen is teljes körűen felmérjük az igényeket és a piaci lehetőségeket, majd személyre szabott projektjavaslatot teszünk. Az [&hellip;]</p>
